{"id":76,"date":"2020-02-27T17:04:44","date_gmt":"2020-02-27T16:04:44","guid":{"rendered":"http:\/\/chateai.cluster024.hosting.ovh.net\/?page_id=76"},"modified":"2026-02-28T18:42:51","modified_gmt":"2026-02-28T17:42:51","slug":"acces-et-contact","status":"publish","type":"page","link":"https:\/\/www.chateaudeboussac.com\/?page_id=76","title":{"rendered":"Acc\u00e8s et Contact"},"content":{"rendered":"\n<h2><\/h2>\n\n\n\n<h3 class=\"has-text-color\" style=\"color:#82da75\"><mark style=\"background-color:rgba(0, 0, 0, 0)\" class=\"has-inline-color has-pale-cyan-blue-color\">Horaires<\/mark><\/h3>\n\n\n\n<p>Le Ch\u00e2teau de Boussac est ouvert tous les jours du lundi au vendredi de         10 h \u00e0 12 h et de 14 h \u00e0 17 h tous les jours de P\u00e2ques \u00e0 La Toussaint. Les samedis et les dimanches de 10 h \u00e0 12 h et de 14 h \u00e0 17 h.<\/p>\n\n\n\n<p class=\"has-vivid-red-color has-text-color\">Pour le reste de l&rsquo;ann\u00e9e, les visites sont rarement possibles mais il est possible d&rsquo;essayer de prendre rendez vous \u00e0 l\u2019adresse <a href=\"mailto:chateaudeboussac@orange.fr\">chateaudeboussac@orange.fr<\/a> \u00a0ou au              +33 (0)6 08 43 38 36.<\/p>\n\n\n\n<h3><mark style=\"background-color:rgba(0, 0, 0, 0)\" class=\"has-inline-color has-pale-cyan-blue-color\">Tarifs<\/mark><\/h3>\n\n\n\n<p>\u2022 Tarif standard: 14 \u20ac<\/p>\n\n\n\n<p>\u2022 Tarif r\u00e9duit pour les groupes\u00a0(\u2265 \u00e0 10 personnes) : 12 \u20ac\u00a0                                   Pour les groupes, visites toute les jours, toute l\u2019ann\u00e9e, prendre rendez-vous \u00e0 l\u2019adresse <a href=\"mailto:chateaudeboussac@orange.fr\">chateaudeboussac@orange.fr<\/a> \u00a0ou au +33 (0)6 08 43 38 36.<\/p>\n\n\n\n<p>\u2022 Enfants: 5 \u20ac<\/p>\n\n\n\n<h3 class=\"has-text-color\" style=\"color:#82da75\"><mark style=\"background-color:rgba(0, 0, 0, 0)\" class=\"has-inline-color has-pale-cyan-blue-color\">Passeports<\/mark><\/h3>\n\n\n\n<p>\u2022 Passeport de la Route de la Tapisserie : r\u00e9duction \u00e0 13 \u20ac <\/p>\n\n\n\n<h3 class=\"has-text-color\" style=\"color:#82da75\"><mark style=\"background-color:rgba(0, 0, 0, 0)\" class=\"has-inline-color has-pale-cyan-blue-color\">Acc\u00e8s<\/mark><\/h3>\n\n\n\n<p>L\u2019entr\u00e9e se fait par la place de l&rsquo;Eglise. La place permet de se garer facilement. <\/p>\n\n\n\n<h3 class=\"has-text-color\" style=\"color:#82da75\"><mark style=\"background-color:rgba(0, 0, 0, 0)\" class=\"has-inline-color has-pale-cyan-blue-color\">Accessibilit\u00e9<\/mark><\/h3>\n\n\n\n<p>Le Ch\u00e2teau de Boussac est un monument historique prot\u00e9g\u00e9. Nous attachons de l\u2019importance \u00e0 l\u2019acc\u00e8s int\u00e9gral et mettons tout en \u0153uvre afin de rendre le Ch\u00e2teau accessible au public le plus large possible. En raison du caract\u00e8re historique du b\u00e2timent, il pr\u00e9sente n\u00e9anmoins certaines restrictions. Pour toute question \u00e0 propos de l\u2019accessibilit\u00e9, vous pouvez vous adresser au service en charge de l\u2019accueil du public au : +33 (0)5 55 65 07 62 ou \u00e0 l\u2019adresse <a href=\"mailto:chateaudeboussac@orange.fr\">chateaudeboussac@orange.fr<\/a><\/p>\n\n\n\n<ul><li>Le parking est situ\u00e9 \u00e0 100 m de l&rsquo;entr\u00e9e sur la place de l&rsquo;Eglise.&nbsp;<\/li><li>L&rsquo;Orangerie est accessible en fauteuil roulant en revanche les salles du Ch\u00e2teau ne le sont pas facilement. Le sol du parc est en gravillons et le Ch\u00e2teau comportent beaucoup de marches. Entre chaque pi\u00e8ce, il y a forc\u00e9ment des petites marches.<\/li><li>La visite enti\u00e8re se d\u00e9roule sur un rez-de-chauss\u00e9e, un premier \u00e9tage et un second \u00e9tage uniquement accessibles par des escaliers.<\/li><li>Certains passages entre les pi\u00e8ces sont \u00e9troits.<\/li><\/ul>\n\n\n\n<p>\u2713 Tarif r\u00e9duit pour personnes handicap\u00e9es qui ne pourront voir que le rez-de-chauss\u00e9e et acc\u00e8s gratuit pour leur accompagnant&nbsp;<br>\u2713 Possibilit\u00e9, sur demande, d\u2019acc\u00e9der en voiture dans la Manufacture pour les visiteurs handicap\u00e9s<br>\u2713 \u00c9quipements suppl\u00e9mentaires pour les personnes atteintes d\u2019un handicap auditif (version papier)<br>\u2713 Chiens guides accept\u00e9s<br>\u2713 Visites adapt\u00e9es aux enfants&nbsp;<br>\u2713 Chaises pliantes portables disponibles \u00e0 l\u2019accueil \u00e0 emporter dans tout le Ch\u00e2teau<\/p>\n\n\n\n<p>Vous avez des questions \u00e0 propos de votre visite ? N\u2019h\u00e9sitez pas \u00e0 nous contacter au +33 (0)5 55 65 07 62 ou \u00e0 l\u2019adresse&nbsp;<a href=\"mailto:chateaudeboussac@orange.fr\">chateaudeboussac@orange.fr<\/a><\/p>\n\n\n\n<h3 class=\"has-text-color\" style=\"color:#82da75\"><mark style=\"background-color:rgba(0, 0, 0, 0)\" class=\"has-inline-color has-pale-cyan-blue-color\">Contact<\/mark><\/h3>\n\n\n\n<p>\u2022 Pour le ch\u00e2teau : Tel : +33 (0)5 55 65 07 62 et                                                                     Mel :&nbsp;<a href=\"mailto:chateaudeboussac@orange.fr\">chateaudeboussac@orange.fr<\/a>                                                                                       &nbsp;\u2022 Adresse postale : Ch\u00e2teau de Boussac \u2013 23600 Boussac <\/p>\n\n\n\n<h3 class=\"has-text-color\" style=\"color:#82da75\"><mark style=\"background-color:rgba(0, 0, 0, 0)\" class=\"has-inline-color has-pale-cyan-blue-color\">Team<\/mark><\/h3>\n\n\n\n<p>Team visites : <strong>Bernadette<\/strong>, Eliane, Chantal, Art\u00e9mis<\/p>\n\n\n\n<p>Team jardin : Michel<\/p>\n\n\n\n<p>Team fleurs : <strong>Bernadette,<\/strong> Eliane<\/p>\n\n\n\n<p>Team architecture et patrimoine : Jean-Jacques, Louis <\/p>\n\n\n\n<p>Team animations : <strong>Bernadette<\/strong>, B\u00e9n\u00e9dicte et Les Amis du Ch\u00e2teau <\/p>\n\n\n\n<p>Team sc\u00e9nographie : <strong>Bernadette<\/strong>, B\u00e9n\u00e9dicte, Art\u00e9mis<\/p>\n\n\n\n<p>Team administration est gestion des Collections : B\u00e9n\u00e9dicte<\/p>\n\n\n\n<p><\/p>\n\n\n\n<h3 class=\"has-cyan-bluish-gray-color has-text-color\">Politique de Confidentialit\u00e9<\/h3>\n\n\n\n<h5 class=\"has-cyan-bluish-gray-color has-text-color\">Qui sommes-nous&nbsp;?<\/h5>\n\n\n\n<p class=\"has-cyan-bluish-gray-color has-text-color\">Ch\u00e2teau de Boussac &#8211; 23600 Boussac &#8211; Creuse &#8211; France                                      T\u00e9l : +33 (0) 5 55 65 07 62 &#8211; Mel : <a href=\"mailto:chateaudeboussac@orange.fr\">chateaudeboussac@orange.fr<\/a>                         Site : <a href=\"http:\/\/www.chateaudeboussac.com\">www.chateaudeboussac.com <\/a><\/p>\n\n\n\n<p class=\"has-cyan-bluish-gray-color has-text-color\">Collecte d\u2019informations lors de l\u2019enregistrement<\/p>\n\n\n\n<p class=\"has-cyan-bluish-gray-color has-text-color\">R\u00e8glementation RGPD<\/p>\n\n\n\n<p class=\"has-cyan-bluish-gray-color has-text-color\">Les informations recueillies sur ce site via nos formulaires sont enregistr\u00e9es dans un fichier informatis\u00e9 par&nbsp;B\u00e9n\u00e9dicte pour le compte de Ch\u00e2teau de Boussac. Elles sont conserv\u00e9es pendant<strong>&nbsp;3 ans&nbsp;<\/strong>et sont destin\u00e9es uniquement \u00e0&nbsp;B\u00e9n\u00e9dicte<strong>&nbsp;\u00e9tabli dans l\u2019Union europ\u00e9enne en France et sur les serveurs d\u2019OVH (service d\u2019h\u00e9bergement), OVH (service email) et Orange France (service de messagerie)<\/strong>.<\/p>\n\n\n\n<h5 class=\"has-cyan-bluish-gray-color has-text-color\">Droit \u00e0 l\u2019oubli, droit de consultation et correction de vos donn\u00e9es<\/h5>\n\n\n\n<p class=\"has-cyan-bluish-gray-color has-text-color\">Conform\u00e9ment \u00e0 la loi sur la protection des donn\u00e9es, vous pouvez consulter, corriger ou effacer vos donn\u00e9es vous concernant en contactant l\u2019\u00e9diteur responsable : B\u00e9n\u00e9dicte <a href=\"mailto:chateaudeboussac@orange.fr\">chateaudeboussac@orange.fr<\/a>   <\/p>\n","protected":false},"excerpt":{"rendered":"<p>Horaires Le Ch\u00e2teau de Boussac est ouvert tous les jours du lundi au vendredi de 10 h \u00e0 12 h et de 14 h \u00e0 17 h tous les jours de P\u00e2ques \u00e0 La Toussaint. Les samedis et les dimanches de 10 h \u00e0 12 h et de 14 h \u00e0 17 h. Pour le&hellip; <\/p>\n","protected":false},"author":1,"featured_media":0,"parent":0,"menu_order":0,"comment_status":"closed","ping_status":"closed","template":"","meta":[],"yoast_head":"<!-- This site is optimized with the Yoast SEO plugin v20.1 - https:\/\/yoast.com\/wordpress\/plugins\/seo\/ -->\n<title>Acc\u00e8s et Contact - Ch\u00e2teau de Boussac<\/title>\n<meta name=\"robots\" content=\"index, follow, max-snippet:-1, max-image-preview:large, max-video-preview:-1\" \/>\n<link rel=\"canonical\" href=\"https:\/\/www.chateaudeboussac.com\/?page_id=76\" \/>\n<meta property=\"og:locale\" content=\"fr_FR\" \/>\n<meta property=\"og:type\" content=\"article\" \/>\n<meta property=\"og:title\" content=\"Acc\u00e8s et Contact - Ch\u00e2teau de Boussac\" \/>\n<meta property=\"og:description\" content=\"Horaires Le Ch\u00e2teau de Boussac est ouvert tous les jours du lundi au vendredi de 10 h \u00e0 12 h et de 14 h \u00e0 17 h tous les jours de P\u00e2ques \u00e0 La Toussaint. Les samedis et les dimanches de 10 h \u00e0 12 h et de 14 h \u00e0 17 h. Pour le&hellip;\" \/>\n<meta property=\"og:url\" content=\"https:\/\/www.chateaudeboussac.com\/?page_id=76\" \/>\n<meta property=\"og:site_name\" content=\"Ch\u00e2teau de Boussac\" \/>\n<meta property=\"article:modified_time\" content=\"2026-02-28T17:42:51+00:00\" \/>\n<meta name=\"twitter:card\" content=\"summary_large_image\" \/>\n<meta name=\"twitter:label1\" content=\"Dur\u00e9e de lecture estim\u00e9e\" \/>\n\t<meta name=\"twitter:data1\" content=\"4 minutes\" \/>\n<script type=\"application\/ld+json\" class=\"yoast-schema-graph\">{\"@context\":\"https:\/\/schema.org\",\"@graph\":[{\"@type\":\"WebPage\",\"@id\":\"https:\/\/www.chateaudeboussac.com\/?page_id=76\",\"url\":\"https:\/\/www.chateaudeboussac.com\/?page_id=76\",\"name\":\"Acc\u00e8s et Contact - Ch\u00e2teau de Boussac\",\"isPartOf\":{\"@id\":\"https:\/\/www.chateaudeboussac.com\/#website\"},\"datePublished\":\"2020-02-27T16:04:44+00:00\",\"dateModified\":\"2026-02-28T17:42:51+00:00\",\"breadcrumb\":{\"@id\":\"https:\/\/www.chateaudeboussac.com\/?page_id=76#breadcrumb\"},\"inLanguage\":\"fr-FR\",\"potentialAction\":[{\"@type\":\"ReadAction\",\"target\":[\"https:\/\/www.chateaudeboussac.com\/?page_id=76\"]}]},{\"@type\":\"BreadcrumbList\",\"@id\":\"https:\/\/www.chateaudeboussac.com\/?page_id=76#breadcrumb\",\"itemListElement\":[{\"@type\":\"ListItem\",\"position\":1,\"name\":\"Accueil\",\"item\":\"https:\/\/www.chateaudeboussac.com\/\"},{\"@type\":\"ListItem\",\"position\":2,\"name\":\"Acc\u00e8s et Contact\"}]},{\"@type\":\"WebSite\",\"@id\":\"https:\/\/www.chateaudeboussac.com\/#website\",\"url\":\"https:\/\/www.chateaudeboussac.com\/\",\"name\":\"Ch\u00e2teau de Boussac\",\"description\":\"Le Ch\u00e2teau de la Dame \u00e0 la Licorne\",\"potentialAction\":[{\"@type\":\"SearchAction\",\"target\":{\"@type\":\"EntryPoint\",\"urlTemplate\":\"https:\/\/www.chateaudeboussac.com\/?s={search_term_string}\"},\"query-input\":\"required name=search_term_string\"}],\"inLanguage\":\"fr-FR\"}]}<\/script>\n<!-- \/ Yoast SEO plugin. -->","yoast_head_json":{"title":"Acc\u00e8s et Contact - Ch\u00e2teau de Boussac","robots":{"index":"index","follow":"follow","max-snippet":"max-snippet:-1","max-image-preview":"max-image-preview:large","max-video-preview":"max-video-preview:-1"},"canonical":"https:\/\/www.chateaudeboussac.com\/?page_id=76","og_locale":"fr_FR","og_type":"article","og_title":"Acc\u00e8s et Contact - Ch\u00e2teau de Boussac","og_description":"Horaires Le Ch\u00e2teau de Boussac est ouvert tous les jours du lundi au vendredi de 10 h \u00e0 12 h et de 14 h \u00e0 17 h tous les jours de P\u00e2ques \u00e0 La Toussaint. Les samedis et les dimanches de 10 h \u00e0 12 h et de 14 h \u00e0 17 h. Pour le&hellip;","og_url":"https:\/\/www.chateaudeboussac.com\/?page_id=76","og_site_name":"Ch\u00e2teau de Boussac","article_modified_time":"2026-02-28T17:42:51+00:00","twitter_card":"summary_large_image","twitter_misc":{"Dur\u00e9e de lecture estim\u00e9e":"4 minutes"},"schema":{"@context":"https:\/\/schema.org","@graph":[{"@type":"WebPage","@id":"https:\/\/www.chateaudeboussac.com\/?page_id=76","url":"https:\/\/www.chateaudeboussac.com\/?page_id=76","name":"Acc\u00e8s et Contact - Ch\u00e2teau de Boussac","isPartOf":{"@id":"https:\/\/www.chateaudeboussac.com\/#website"},"datePublished":"2020-02-27T16:04:44+00:00","dateModified":"2026-02-28T17:42:51+00:00","breadcrumb":{"@id":"https:\/\/www.chateaudeboussac.com\/?page_id=76#breadcrumb"},"inLanguage":"fr-FR","potentialAction":[{"@type":"ReadAction","target":["https:\/\/www.chateaudeboussac.com\/?page_id=76"]}]},{"@type":"BreadcrumbList","@id":"https:\/\/www.chateaudeboussac.com\/?page_id=76#breadcrumb","itemListElement":[{"@type":"ListItem","position":1,"name":"Accueil","item":"https:\/\/www.chateaudeboussac.com\/"},{"@type":"ListItem","position":2,"name":"Acc\u00e8s et Contact"}]},{"@type":"WebSite","@id":"https:\/\/www.chateaudeboussac.com\/#website","url":"https:\/\/www.chateaudeboussac.com\/","name":"Ch\u00e2teau de Boussac","description":"Le Ch\u00e2teau de la Dame \u00e0 la Licorne","potentialAction":[{"@type":"SearchAction","target":{"@type":"EntryPoint","urlTemplate":"https:\/\/www.chateaudeboussac.com\/?s={search_term_string}"},"query-input":"required name=search_term_string"}],"inLanguage":"fr-FR"}]}},"_links":{"self":[{"href":"https:\/\/www.chateaudeboussac.com\/index.php?rest_route=\/wp\/v2\/pages\/76"}],"collection":[{"href":"https:\/\/www.chateaudeboussac.com\/index.php?rest_route=\/wp\/v2\/pages"}],"about":[{"href":"https:\/\/www.chateaudeboussac.com\/index.php?rest_route=\/wp\/v2\/types\/page"}],"author":[{"embeddable":true,"href":"https:\/\/www.chateaudeboussac.com\/index.php?rest_route=\/wp\/v2\/users\/1"}],"replies":[{"embeddable":true,"href":"https:\/\/www.chateaudeboussac.com\/index.php?rest_route=%2Fwp%2Fv2%2Fcomments&post=76"}],"version-history":[{"count":19,"href":"https:\/\/www.chateaudeboussac.com\/index.php?rest_route=\/wp\/v2\/pages\/76\/revisions"}],"predecessor-version":[{"id":445,"href":"https:\/\/www.chateaudeboussac.com\/index.php?rest_route=\/wp\/v2\/pages\/76\/revisions\/445"}],"wp:attachment":[{"href":"https:\/\/www.chateaudeboussac.com\/index.php?rest_route=%2Fwp%2Fv2%2Fmedia&parent=76"}],"curies":[{"name":"wp","href":"https:\/\/api.w.org\/{rel}","templated":true}]}}